{"id":1984,"date":"2021-03-10T16:23:40","date_gmt":"2021-03-10T23:23:40","guid":{"rendered":"https:\/\/stmarycs.net\/guarderia-de-la-manana-y-tarde\/"},"modified":"2024-03-05T12:19:03","modified_gmt":"2024-03-05T19:19:03","slug":"guarderia-de-la-manana-y-tarde","status":"publish","type":"page","link":"https:\/\/stmarycs.net\/es\/guarderia-de-la-manana-y-tarde\/","title":{"rendered":"Guarder\u00eda de la ma\u00f1ana y tarde"},"content":{"rendered":"[vc_row type=\u00bbfull_width_background\u00bb full_screen_row_position=\u00bbmiddle\u00bb column_margin=\u00bbdefault\u00bb column_direction=\u00bbdefault\u00bb column_direction_tablet=\u00bbdefault\u00bb column_direction_phone=\u00bbdefault\u00bb scene_position=\u00bbcenter\u00bb top_padding=\u00bb15%\u00bb bottom_padding=\u00bb12%\u00bb text_color=\u00bblight\u00bb text_align=\u00bbleft\u00bb row_border_radius=\u00bbnone\u00bb row_border_radius_applies=\u00bbbg\u00bb overflow=\u00bbvisible\u00bb enable_gradient=\u00bbtrue\u00bb color_overlay=\u00bb#020f62&#8243; color_overlay_2=\u00bb#454860&#8243; advanced_gradient_angle=\u00bb0&#8243; overlay_strength=\u00bb0.8&#8243; gradient_direction=\u00bbleft_to_right\u00bb enable_shape_divider=\u00bbtrue\u00bb shape_divider_color=\u00bb#ffffff\u00bb shape_divider_position=\u00bbbottom\u00bb shape_divider_height=\u00bb150&#8243; shape_divider_bring_to_front=\u00bbtrue\u00bb bg_image_animation=\u00bbnone\u00bb shape_type=\u00bbwaves_opacity\u00bb gradient_type=\u00bbdefault\u00bb][vc_column column_padding=\u00bbno-extra-padding\u00bb column_padding_tablet=\u00bbinherit\u00bb column_padding_phone=\u00bbinherit\u00bb column_padding_position=\u00bball\u00bb column_element_spacing=\u00bbdefault\u00bb background_color_opacity=\u00bb1&#8243; background_hover_color_opacity=\u00bb1&#8243; column_shadow=\u00bbnone\u00bb column_border_radius=\u00bbnone\u00bb column_link_target=\u00bb_self\u00bb column_position=\u00bbdefault\u00bb gradient_direction=\u00bbleft_to_right\u00bb overlay_strength=\u00bb0.3&#8243; width=\u00bb1\/1&#8243; tablet_width_inherit=\u00bbdefault\u00bb tablet_text_alignment=\u00bbdefault\u00bb phone_text_alignment=\u00bbdefault\u00bb animation_type=\u00bbdefault\u00bb bg_image_animation=\u00bbnone\u00bb border_type=\u00bbsimple\u00bb column_border_width=\u00bbnone\u00bb column_border_style=\u00bbsolid\u00bb][vc_column_text]\n<h1 style=\"text-align: center;\">Guarder\u00eda de la ma\u00f1ana y tarde<\/h1>\n[\/vc_column_text][\/vc_column][\/vc_row][vc_row type=\u00bbfull_width_background\u00bb full_screen_row_position=\u00bbmiddle\u00bb column_margin=\u00bbdefault\u00bb column_direction=\u00bbdefault\u00bb column_direction_tablet=\u00bbdefault\u00bb column_direction_phone=\u00bbdefault\u00bb scene_position=\u00bbcenter\u00bb top_padding=\u00bb4%\u00bb bottom_padding=\u00bb6%\u00bb text_color=\u00bbdark\u00bb text_align=\u00bbleft\u00bb row_border_radius=\u00bbnone\u00bb row_border_radius_applies=\u00bbbg\u00bb overflow=\u00bbvisible\u00bb advanced_gradient_angle=\u00bb0&#8243; overlay_strength=\u00bb0.3&#8243; gradient_direction=\u00bbleft_to_right\u00bb shape_divider_position=\u00bbbottom\u00bb bg_image_animation=\u00bbnone\u00bb gradient_type=\u00bbdefault\u00bb shape_type=\u00bb\u00bb][vc_column column_padding=\u00bbno-extra-padding\u00bb column_padding_tablet=\u00bbinherit\u00bb column_padding_phone=\u00bbinherit\u00bb column_padding_position=\u00bball\u00bb column_element_spacing=\u00bbdefault\u00bb background_color_opacity=\u00bb1&#8243; background_hover_color_opacity=\u00bb1&#8243; column_shadow=\u00bbnone\u00bb column_border_radius=\u00bbnone\u00bb column_link_target=\u00bb_self\u00bb column_position=\u00bbdefault\u00bb gradient_direction=\u00bbleft_to_right\u00bb overlay_strength=\u00bb0.3&#8243; width=\u00bb1\/1&#8243; tablet_width_inherit=\u00bbdefault\u00bb tablet_text_alignment=\u00bbdefault\u00bb phone_text_alignment=\u00bbdefault\u00bb animation_type=\u00bbdefault\u00bb bg_image_animation=\u00bbnone\u00bb border_type=\u00bbsimple\u00bb column_border_width=\u00bbnone\u00bb column_border_style=\u00bbsolid\u00bb][toggles style=\u00bbminimal\u00bb accordion=\u00bbtrue\u00bb accordion_starting_functionality=\u00bbdefault\u00bb][toggle color=\u00bbDefault\u00bb heading_tag=\u00bbdefault\u00bb title=\u00bbHoras de operaci\u00f3n\u00bb][vc_column_text]Ma\u00f1ana\u2026\u2026\u2026\u2026..7:00 AM \u2013 8:00 AM<br \/>\nTarde\u2026\u2026\u2026\u2026\u2026&#8230;3:30 PM \u2013 5:30 PM<\/p>\n<p><i>Si hay guarder\u00eda despu\u00e9s de la mayor\u00eda de los d\u00edas de salida al mediod\u00eda, a menos que se indique lo contrario en el calendario escolar.<i><\/i><\/i><\/p>\n<p>La guarder\u00eda ser\u00e1 en el sal\u00f3n 2 y 3 del centro parroquial hasta las 5:30 PM. In case you need to call our Care Program, the number is 970-353-8100, extension 252.[\/vc_column_text][\/toggle][toggle color=\u00bbDefault\u00bb heading_tag=\u00bbdefault\u00bb title=\u00bbCosto de la guarder\u00eda\u00bb][vc_column_text]Las tarifas se basan en tarifas por hora o media hora. Las tarifas son $6.00\/hora o $3.00\/media hora.<\/p>\n<p><em><strong>*****HAY UN CARGO DE $1 POR MINUTO DE RETRASO PARA NI\u00d1OS RECOGIDOS DESPU\u00c9S DE LAS 5:30 PM*****<\/strong><\/em>[\/vc_column_text][\/toggle][toggle color=\u00bbDefault\u00bb heading_tag=\u00bbdefault\u00bb title=\u00bbInformaci\u00f3n de facturaci\u00f3n\u00bb][vc_column_text]La facturaci\u00f3n de la guarder\u00eda de St. Mary se enviar\u00e1 cada 2 semanas a trav\u00e9s de FACTS. Env\u00ede su pago en FACTS.<\/p>\n<p><em><strong>***SE APLICAR\u00c1 UN CARGO POR ATRASO DE $5.00 PARA EL PAGO DESPU\u00c9S DEL VIERNES DEL CICLO DE FACTURACI\u00d3N***<\/strong><\/em>[\/vc_column_text][\/toggle][toggle color=\u00bbDefault\u00bb heading_tag=\u00bbdefault\u00bb title=\u00bbActividades\u00bb][vc_column_text]Se proporcionar\u00e1 un refrigerio por la tarde. Las actividades diarias incluyen disfrutar de un refrigerio, lectura, tiempo de tarea, juegos de mesa y actividades al aire libre.[\/vc_column_text][\/toggle][\/toggles][vc_column_text]\n<h5><strong>Otras preguntas:<\/strong><\/h5>\n<p>Llame a Terri Tafoya, directora del programa al 970-353-8100.[\/vc_column_text][\/vc_column][\/vc_row]\n","protected":false},"excerpt":{"rendered":"<p>[vc_row type=\u00bbfull_width_background\u00bb full_screen_row_position=\u00bbmiddle\u00bb column_margin=\u00bbdefault\u00bb column_direction=\u00bbdefault\u00bb column_direction_tablet=\u00bbdefault\u00bb column_direction_phone=\u00bbdefault\u00bb scene_position=\u00bbcenter\u00bb top_padding=\u00bb15%\u00bb bottom_padding=\u00bb12%\u00bb text_color=\u00bblight\u00bb text_align=\u00bbleft\u00bb row_border_radius=\u00bbnone\u00bb row_border_radius_applies=\u00bbbg\u00bb overflow=\u00bbvisible\u00bb enable_gradient=\u00bbtrue\u00bb color_overlay=\u00bb#020f62&#8243; color_overlay_2=\u00bb#454860&#8243; advanced_gradient_angle=\u00bb0&#8243; overlay_strength=\u00bb0.8&#8243; gradient_direction=\u00bbleft_to_right\u00bb enable_shape_divider=\u00bbtrue\u00bb shape_divider_color=\u00bb#ffffff\u00bb shape_divider_position=\u00bbbottom\u00bb shape_divider_height=\u00bb150&#8243; shape_divider_bring_to_front=\u00bbtrue\u00bb bg_image_animation=\u00bbnone\u00bb shape_type=\u00bbwaves_opacity\u00bb gradient_type=\u00bbdefault\u00bb][vc_column column_padding=\u00bbno-extra-padding\u00bb&#8230;<\/p>\n","protected":false},"author":3,"featured_media":0,"parent":0,"menu_order":0,"comment_status":"closed","ping_status":"closed","template":"","meta":{"footnotes":""},"class_list":["post-1984","page","type-page","status-publish"],"_links":{"self":[{"href":"https:\/\/stmarycs.net\/es\/wp-json\/wp\/v2\/pages\/1984","targetHints":{"allow":["GET"]}}],"collection":[{"href":"https:\/\/stmarycs.net\/es\/wp-json\/wp\/v2\/pages"}],"about":[{"href":"https:\/\/stmarycs.net\/es\/wp-json\/wp\/v2\/types\/page"}],"author":[{"embeddable":true,"href":"https:\/\/stmarycs.net\/es\/wp-json\/wp\/v2\/users\/3"}],"replies":[{"embeddable":true,"href":"https:\/\/stmarycs.net\/es\/wp-json\/wp\/v2\/comments?post=1984"}],"version-history":[{"count":0,"href":"https:\/\/stmarycs.net\/es\/wp-json\/wp\/v2\/pages\/1984\/revisions"}],"wp:attachment":[{"href":"https:\/\/stmarycs.net\/es\/wp-json\/wp\/v2\/media?parent=1984"}],"curies":[{"name":"wp","href":"https:\/\/api.w.org\/{rel}","templated":true}]}}

Guardería de la mañana y tarde

[vc_row type=»full_width_background» full_screen_row_position=»middle» column_margin=»default» column_direction=»default» column_direction_tablet=»default» column_direction_phone=»default» scene_position=»center» top_padding=»15%» bottom_padding=»12%» text_color=»light» text_align=»left» row_border_radius=»none» row_border_radius_applies=»bg» overflow=»visible» enable_gradient=»true» color_overlay=»#020f62&#8243; color_overlay_2=»#454860&#8243; advanced_gradient_angle=»0&#8243; overlay_strength=»0.8&#8243; gradient_direction=»left_to_right» enable_shape_divider=»true» shape_divider_color=»#ffffff» shape_divider_position=»bottom» shape_divider_height=»150&#8243; shape_divider_bring_to_front=»true» bg_image_animation=»none» shape_type=»waves_opacity» gradient_type=»default»][vc_column column_padding=»no-extra-padding» column_padding_tablet=»inherit» column_padding_phone=»inherit» column_padding_position=»all» column_element_spacing=»default» background_color_opacity=»1&#8243; background_hover_color_opacity=»1&#8243; column_shadow=»none» column_border_radius=»none» column_link_target=»_self» column_position=»default» gradient_direction=»left_to_right» overlay_strength=»0.3&#8243; width=»1/1&#8243; tablet_width_inherit=»default» tablet_text_alignment=»default» phone_text_alignment=»default» animation_type=»default» bg_image_animation=»none» border_type=»simple» column_border_width=»none» column_border_style=»solid»][vc_column_text]
<h1 style="text-align: center;">Guardería de la mañana y tarde</h1>
[/vc_column_text][/vc_column][/vc_row][vc_row type=»full_width_background» full_screen_row_position=»middle» column_margin=»default» column_direction=»default» column_direction_tablet=»default» column_direction_phone=»default» scene_position=»center» top_padding=»4%» bottom_padding=»6%» text_color=»dark» text_align=»left» row_border_radius=»none» row_border_radius_applies=»bg» overflow=»visible» advanced_gradient_angle=»0&#8243; overlay_strength=»0.3&#8243; gradient_direction=»left_to_right» shape_divider_position=»bottom» bg_image_animation=»none» gradient_type=»default» shape_type=»»][vc_column column_padding=»no-extra-padding» column_padding_tablet=»inherit» column_padding_phone=»inherit» column_padding_position=»all» column_element_spacing=»default» background_color_opacity=»1&#8243; background_hover_color_opacity=»1&#8243; column_shadow=»none» column_border_radius=»none» column_link_target=»_self» column_position=»default» gradient_direction=»left_to_right» overlay_strength=»0.3&#8243; width=»1/1&#8243; tablet_width_inherit=»default» tablet_text_alignment=»default» phone_text_alignment=»default» animation_type=»default» bg_image_animation=»none» border_type=»simple» column_border_width=»none» column_border_style=»solid»][toggles style=»minimal» accordion=»true» accordion_starting_functionality=»default»][toggle color=»Default» heading_tag=»default» title=»Horas de operación»][vc_column_text]Mañana…………..7:00 AM – 8:00 AM<br />
Tarde……………&#8230;3:30 PM – 5:30 PM</p>
<p><i>Si hay guardería después de la mayoría de los días de salida al mediodía, a menos que se indique lo contrario en el calendario escolar.<i></i></i></p>
<p>La guardería será en el salón 2 y 3 del centro parroquial hasta las 5:30 PM. In case you need to call our Care Program, the number is 970-353-8100, extension 252.[/vc_column_text][/toggle][toggle color=»Default» heading_tag=»default» title=»Costo de la guardería»][vc_column_text]Las tarifas se basan en tarifas por hora o media hora. Las tarifas son $6.00/hora o $3.00/media hora.</p>
<p><em><strong>*****HAY UN CARGO DE $1 POR MINUTO DE RETRASO PARA NIÑOS RECOGIDOS DESPUÉS DE LAS 5:30 PM*****</strong></em>[/vc_column_text][/toggle][toggle color=»Default» heading_tag=»default» title=»Información de facturación»][vc_column_text]La facturación de la guardería de St. Mary se enviará cada 2 semanas a través de FACTS. Envíe su pago en FACTS.</p>
<p><em><strong>***SE APLICARÁ UN CARGO POR ATRASO DE $5.00 PARA EL PAGO DESPUÉS DEL VIERNES DEL CICLO DE FACTURACIÓN***</strong></em>[/vc_column_text][/toggle][toggle color=»Default» heading_tag=»default» title=»Actividades»][vc_column_text]Se proporcionará un refrigerio por la tarde. Las actividades diarias incluyen disfrutar de un refrigerio, lectura, tiempo de tarea, juegos de mesa y actividades al aire libre.[/vc_column_text][/toggle][/toggles][vc_column_text]
<h5><strong>Otras preguntas:</strong></h5>
<p>Llame a Terri Tafoya, directora del programa al 970-353-8100.[/vc_column_text][/vc_column][/vc_row]
