{"id":1935,"date":"2023-05-25T13:47:50","date_gmt":"2023-05-25T19:47:50","guid":{"rendered":"https:\/\/stmarycs.net\/nuestra-historia\/"},"modified":"2024-03-16T16:50:59","modified_gmt":"2024-03-16T22:50:59","slug":"nuestra-historia","status":"publish","type":"page","link":"https:\/\/stmarycs.net\/es\/nuestra-historia\/","title":{"rendered":"Nuestra historia"},"content":{"rendered":"[vc_row type=\u00bbfull_width_background\u00bb full_screen_row_position=\u00bbmiddle\u00bb column_margin=\u00bbdefault\u00bb column_direction=\u00bbdefault\u00bb column_direction_tablet=\u00bbdefault\u00bb column_direction_phone=\u00bbdefault\u00bb scene_position=\u00bbcenter\u00bb top_padding=\u00bb15%\u00bb bottom_padding=\u00bb12%\u00bb text_color=\u00bblight\u00bb text_align=\u00bbleft\u00bb row_border_radius=\u00bbnone\u00bb row_border_radius_applies=\u00bbbg\u00bb overflow=\u00bbvisible\u00bb enable_gradient=\u00bbtrue\u00bb color_overlay=\u00bb#020f62&#8243; color_overlay_2=\u00bb#454860&#8243; advanced_gradient_angle=\u00bb0&#8243; overlay_strength=\u00bb0.8&#8243; gradient_direction=\u00bbleft_t_to_right_b\u00bb enable_shape_divider=\u00bbtrue\u00bb shape_divider_color=\u00bb#ffffff\u00bb shape_divider_position=\u00bbbottom\u00bb shape_divider_height=\u00bb150&#8243; shape_divider_bring_to_front=\u00bbtrue\u00bb bg_image_animation=\u00bbnone\u00bb shape_type=\u00bbwaves_opacity\u00bb gradient_type=\u00bbdefault\u00bb][vc_column column_padding=\u00bbno-extra-padding\u00bb column_padding_tablet=\u00bbinherit\u00bb column_padding_phone=\u00bbinherit\u00bb column_padding_position=\u00bball\u00bb column_element_spacing=\u00bbdefault\u00bb background_color_opacity=\u00bb1&#8243; background_hover_color_opacity=\u00bb1&#8243; column_shadow=\u00bbnone\u00bb column_border_radius=\u00bbnone\u00bb column_link_target=\u00bb_self\u00bb column_position=\u00bbdefault\u00bb gradient_direction=\u00bbleft_to_right\u00bb overlay_strength=\u00bb0.3&#8243; width=\u00bb1\/1&#8243; tablet_width_inherit=\u00bbdefault\u00bb tablet_text_alignment=\u00bbdefault\u00bb phone_text_alignment=\u00bbdefault\u00bb animation_type=\u00bbdefault\u00bb bg_image_animation=\u00bbnone\u00bb border_type=\u00bbsimple\u00bb column_border_width=\u00bbnone\u00bb column_border_style=\u00bbsolid\u00bb][vc_column_text]\n<h1 style=\"text-align: center;\">Nuestra historia<\/h1>\n[\/vc_column_text][\/vc_column][\/vc_row][vc_row type=\u00bbfull_width_background\u00bb full_screen_row_position=\u00bbmiddle\u00bb column_margin=\u00bbdefault\u00bb column_direction=\u00bbdefault\u00bb column_direction_tablet=\u00bbdefault\u00bb column_direction_phone=\u00bbdefault\u00bb scene_position=\u00bbcenter\u00bb top_padding=\u00bb8%\u00bb constrain_group_1=\u00bbyes\u00bb bottom_padding=\u00bb8%\u00bb text_color=\u00bbdark\u00bb text_align=\u00bbleft\u00bb row_border_radius=\u00bbnone\u00bb row_border_radius_applies=\u00bbbg\u00bb overflow=\u00bbvisible\u00bb advanced_gradient_angle=\u00bb0&#8243; overlay_strength=\u00bb0.3&#8243; gradient_direction=\u00bbleft_to_right\u00bb shape_divider_position=\u00bbbottom\u00bb bg_image_animation=\u00bbnone\u00bb gradient_type=\u00bbdefault\u00bb shape_type=\u00bb\u00bb][vc_column column_padding=\u00bbno-extra-padding\u00bb column_padding_tablet=\u00bbinherit\u00bb column_padding_phone=\u00bbinherit\u00bb column_padding_position=\u00bball\u00bb column_element_spacing=\u00bbdefault\u00bb background_color_opacity=\u00bb1&#8243; background_hover_color_opacity=\u00bb1&#8243; column_shadow=\u00bbnone\u00bb column_border_radius=\u00bbnone\u00bb column_link_target=\u00bb_self\u00bb column_position=\u00bbdefault\u00bb gradient_direction=\u00bbleft_to_right\u00bb overlay_strength=\u00bb0.3&#8243; width=\u00bb1\/1&#8243; tablet_width_inherit=\u00bbdefault\u00bb tablet_text_alignment=\u00bbdefault\u00bb phone_text_alignment=\u00bbdefault\u00bb animation_type=\u00bbdefault\u00bb bg_image_animation=\u00bbnone\u00bb border_type=\u00bbsimple\u00bb column_border_width=\u00bbnone\u00bb column_border_style=\u00bbsolid\u00bb][vc_column_text]En 1999, la Arquidi\u00f3cesis de Denver estableci\u00f3 la Escuela Cat\u00f3lica St. Mary para que fuera parte de la parroquia cat\u00f3lica St. Mary con el inicio del kinder de la ma\u00f1ana y de la tarde, alojado en un sal\u00f3n de clases en el Sal\u00f3n Parroquial. En julio de 2000, con la bendici\u00f3n del Arzobispo Charles Chaput, el P. (Monse\u00f1or) Peter Quang Nguyen, inici\u00f3 la construcci\u00f3n de la nueva escuela. En el oto\u00f1o de 2000, se agreg\u00f3 una clase de primer grado en el sal\u00f3n de al lado y la escuela ya contaba con 38 estudiantes, un personal de 2 maestros de tiempo completo y un director, el Sr. Bill Gallop. En junio de 2001, la hermana Anno La Mere y la hermana Marilyn Skluzacek fueron contratadas como directora y subdirectora\/maestra de cuarto grado, respectivamente. Estas dos mujeres dedicadas ayudaron a abrir la escuela en su nuevo edificio en agosto de 2001. Las puertas de la escuela se abrieron con m\u00e1s de 200 estudiantes en los grados K-6. La construcci\u00f3n continu\u00f3 en el tercer piso y en el oto\u00f1o de 2002 se complet\u00f3 la escuela para una inscripci\u00f3n de aproximadamente 225 estudiantes en los grados K-7. Al a\u00f1o siguiente, se agreg\u00f3 el octavo grado, completando nuestra escuela como una instalaci\u00f3n K-8.[\/vc_column_text][\/vc_column][\/vc_row]\n","protected":false},"excerpt":{"rendered":"<p>[vc_row type=\u00bbfull_width_background\u00bb full_screen_row_position=\u00bbmiddle\u00bb column_margin=\u00bbdefault\u00bb column_direction=\u00bbdefault\u00bb column_direction_tablet=\u00bbdefault\u00bb column_direction_phone=\u00bbdefault\u00bb scene_position=\u00bbcenter\u00bb top_padding=\u00bb15%\u00bb bottom_padding=\u00bb12%\u00bb text_color=\u00bblight\u00bb text_align=\u00bbleft\u00bb row_border_radius=\u00bbnone\u00bb row_border_radius_applies=\u00bbbg\u00bb overflow=\u00bbvisible\u00bb enable_gradient=\u00bbtrue\u00bb color_overlay=\u00bb#020f62&#8243; color_overlay_2=\u00bb#454860&#8243; advanced_gradient_angle=\u00bb0&#8243; overlay_strength=\u00bb0.8&#8243; gradient_direction=\u00bbleft_t_to_right_b\u00bb enable_shape_divider=\u00bbtrue\u00bb shape_divider_color=\u00bb#ffffff\u00bb shape_divider_position=\u00bbbottom\u00bb shape_divider_height=\u00bb150&#8243; shape_divider_bring_to_front=\u00bbtrue\u00bb bg_image_animation=\u00bbnone\u00bb shape_type=\u00bbwaves_opacity\u00bb gradient_type=\u00bbdefault\u00bb][vc_column column_padding=\u00bbno-extra-padding\u00bb&#8230;<\/p>\n","protected":false},"author":3,"featured_media":0,"parent":0,"menu_order":0,"comment_status":"closed","ping_status":"closed","template":"","meta":{"footnotes":""},"class_list":["post-1935","page","type-page","status-publish"],"_links":{"self":[{"href":"https:\/\/stmarycs.net\/es\/wp-json\/wp\/v2\/pages\/1935","targetHints":{"allow":["GET"]}}],"collection":[{"href":"https:\/\/stmarycs.net\/es\/wp-json\/wp\/v2\/pages"}],"about":[{"href":"https:\/\/stmarycs.net\/es\/wp-json\/wp\/v2\/types\/page"}],"author":[{"embeddable":true,"href":"https:\/\/stmarycs.net\/es\/wp-json\/wp\/v2\/users\/3"}],"replies":[{"embeddable":true,"href":"https:\/\/stmarycs.net\/es\/wp-json\/wp\/v2\/comments?post=1935"}],"version-history":[{"count":0,"href":"https:\/\/stmarycs.net\/es\/wp-json\/wp\/v2\/pages\/1935\/revisions"}],"wp:attachment":[{"href":"https:\/\/stmarycs.net\/es\/wp-json\/wp\/v2\/media?parent=1935"}],"curies":[{"name":"wp","href":"https:\/\/api.w.org\/{rel}","templated":true}]}}

[vc_row type=»full_width_background» full_screen_row_position=»middle» column_margin=»default» column_direction=»default» column_direction_tablet=»default» column_direction_phone=»default» scene_position=»center» top_padding=»15%» bottom_padding=»12%» text_color=»light» text_align=»left» row_border_radius=»none» row_border_radius_applies=»bg» overflow=»visible» enable_gradient=»true» color_overlay=»#020f62&#8243; color_overlay_2=»#454860&#8243; advanced_gradient_angle=»0&#8243; overlay_strength=»0.8&#8243; gradient_direction=»left_t_to_right_b» enable_shape_divider=»true» shape_divider_color=»#ffffff» shape_divider_position=»bottom» shape_divider_height=»150&#8243; shape_divider_bring_to_front=»true» bg_image_animation=»none» shape_type=»waves_opacity» gradient_type=»default»][vc_column column_padding=»no-extra-padding» column_padding_tablet=»inherit» column_padding_phone=»inherit» column_padding_position=»all» column_element_spacing=»default» background_color_opacity=»1&#8243; background_hover_color_opacity=»1&#8243; column_shadow=»none» column_border_radius=»none» column_link_target=»_self» column_position=»default» gradient_direction=»left_to_right» overlay_strength=»0.3&#8243; width=»1/1&#8243; tablet_width_inherit=»default» tablet_text_alignment=»default» phone_text_alignment=»default» animation_type=»default» bg_image_animation=»none» border_type=»simple» column_border_width=»none» column_border_style=»solid»][vc_column_text]
<h1 style="text-align: center;">Nuestra historia</h1>
[/vc_column_text][/vc_column][/vc_row][vc_row type=»full_width_background» full_screen_row_position=»middle» column_margin=»default» column_direction=»default» column_direction_tablet=»default» column_direction_phone=»default» scene_position=»center» top_padding=»8%» constrain_group_1=»yes» bottom_padding=»8%» text_color=»dark» text_align=»left» row_border_radius=»none» row_border_radius_applies=»bg» overflow=»visible» advanced_gradient_angle=»0&#8243; overlay_strength=»0.3&#8243; gradient_direction=»left_to_right» shape_divider_position=»bottom» bg_image_animation=»none» gradient_type=»default» shape_type=»»][vc_column column_padding=»no-extra-padding» column_padding_tablet=»inherit» column_padding_phone=»inherit» column_padding_position=»all» column_element_spacing=»default» background_color_opacity=»1&#8243; background_hover_color_opacity=»1&#8243; column_shadow=»none» column_border_radius=»none» column_link_target=»_self» column_position=»default» gradient_direction=»left_to_right» overlay_strength=»0.3&#8243; width=»1/1&#8243; tablet_width_inherit=»default» tablet_text_alignment=»default» phone_text_alignment=»default» animation_type=»default» bg_image_animation=»none» border_type=»simple» column_border_width=»none» column_border_style=»solid»][vc_column_text]En 1999, la Arquidiócesis de Denver estableció la Escuela Católica St. Mary para que fuera parte de la parroquia católica St. Mary con el inicio del kinder de la mañana y de la tarde, alojado en un salón de clases en el Salón Parroquial. En julio de 2000, con la bendición del Arzobispo Charles Chaput, el P. (Monseñor) Peter Quang Nguyen, inició la construcción de la nueva escuela. En el otoño de 2000, se agregó una clase de primer grado en el salón de al lado y la escuela ya contaba con 38 estudiantes, un personal de 2 maestros de tiempo completo y un director, el Sr. Bill Gallop. En junio de 2001, la hermana Anno La Mere y la hermana Marilyn Skluzacek fueron contratadas como directora y subdirectora/maestra de cuarto grado, respectivamente. Estas dos mujeres dedicadas ayudaron a abrir la escuela en su nuevo edificio en agosto de 2001. Las puertas de la escuela se abrieron con más de 200 estudiantes en los grados K-6. La construcción continuó en el tercer piso y en el otoño de 2002 se completó la escuela para una inscripción de aproximadamente 225 estudiantes en los grados K-7. Al año siguiente, se agregó el octavo grado, completando nuestra escuela como una instalación K-8.[/vc_column_text][/vc_column][/vc_row]
